{"id":1084,"date":"2018-06-06T12:12:26","date_gmt":"2018-06-06T12:12:26","guid":{"rendered":"https:\/\/www.mcxvi.hu\/?post_type=portfolio&#038;p=1084"},"modified":"2024-06-17T10:38:56","modified_gmt":"2024-06-17T10:38:56","slug":"ufc-stadion-atalakitas","status":"publish","type":"portfolio","link":"https:\/\/www.mcxvi.hu\/en\/portfolio\/ufc-stadion-atalakitas\/","title":{"rendered":"\u00dajpest FC Stadium <br>Renovation"},"content":{"rendered":"<div class=\"wpb-content-wrapper\"><p>[vc_row full_width=&#8221;stretch_row_content_no_spaces&#8221;][vc_column][rev_slider_vc alias=&#8221;p-ufc&#8221;][vc_column_text el_class=&#8221;tartalom&#8221;]<a href=\"#tartalom\">+ \u00daJPEST FC STADIUM<\/a>[\/vc_column_text][\/vc_column][\/vc_row][vc_row][vc_column width=&#8221;1\/6&#8243;][\/vc_column][vc_column width=&#8221;2\/3&#8243; el_id=&#8221;tartalom&#8221;][vc_column_text el_class=&#8221;a-content-h1&#8243;]SZUSZA FERENC STADIUM (UFC) RENOVATION[\/vc_column_text][vc_row_inner el_class=&#8221;a-content-body&#8221;][vc_column_inner][vc_column_text]<\/p>\n<div class=\"lista2\">\n<table style=\"border-collapse: collapse; width: 100%;\">\n<tbody>\n<tr style=\"height: 24px;\">\n<td style=\"width: 33.5271%;\">Location<\/td>\n<td style=\"width: 66.4729%;\">Budapest, Megyeri \u00fat<\/td>\n<\/tr>\n<tr style=\"height: 24px;\">\n<td style=\"width: 33.5271%;\">Client<\/td>\n<td style=\"width: 66.4729%;\">\u00dajpest FC<\/td>\n<\/tr>\n<tr style=\"height: 24px;\">\n<td style=\"width: 33.5271%;\">Floor area<\/td>\n<td style=\"width: 66.4729%;\">12 000 m<sup>2<\/sup><\/td>\n<\/tr>\n<tr style=\"height: 24px;\">\n<td style=\"width: 33.5271%;\">General design<\/td>\n<td style=\"width: 66.4729%;\">MCXVI Architects<\/td>\n<\/tr>\n<tr style=\"height: 24px;\">\n<td style=\"width: 33.5271%;\">Leading architect designer<\/td>\n<td style=\"width: 66.4729%;\">G\u00e1bor Szokolyai<\/td>\n<\/tr>\n<tr style=\"height: 24px;\">\n<td style=\"width: 33.5271%;\">Architect designers<\/td>\n<td style=\"width: 66.4729%;\">G\u00e1bor Hajdu, Csaba Bajusz<\/td>\n<\/tr>\n<tr style=\"height: 24px;\">\n<td style=\"width: 33.5271%;\">Structural engineer<\/td>\n<td style=\"width: 66.4729%;\">L\u00e1szl\u00f3 Sz\u0151nyi<\/td>\n<\/tr>\n<tr>\n<td style=\"width: 33.5271%;\">Visualization<\/td>\n<td style=\"width: 66.4729%;\">Viktor Frety\u00e1n<\/td>\n<\/tr>\n<tr style=\"height: 24px;\">\n<td style=\"width: 33.5271%;\">Project phase<\/td>\n<td style=\"width: 66.4729%;\">Preliminary design<\/td>\n<\/tr>\n<tr style=\"height: 24px;\">\n<td style=\"width: 33.5271%;\">Project year<\/td>\n<td style=\"width: 66.4729%;\">2013<\/td>\n<\/tr>\n<\/tbody>\n<\/table>\n<\/div>\n<p>[\/vc_column_text][\/vc_column_inner][\/vc_row_inner][vc_column_text el_class=&#8221;a-content-body&#8221;]<\/p>\n<p style=\"text-align: justify;\">The intention of the client was to turn the existing football stadium into a multifunctional complex. In addition to modernizing the building, the main part of the project was to cover the arena, which would serve as a weather-independent event hall. Naturally we counted with the complete renewal of building services, electrical systems, fa\u00e7ades and interior spaces. The reinforcement of the load-bearing structure was necessary due to the retractable roof.<\/p>\n<p>[\/vc_column_text][vc_column_text el_class=&#8221;a-content-body&#8221;]<a href=\"https:\/\/www.mcxvi.hu\/#munkak\">BACK TO PROJECTS<\/a>[\/vc_column_text][\/vc_column][vc_column width=&#8221;1\/6&#8243;][\/vc_column][\/vc_row]<\/p>\n<\/div>","protected":false},"excerpt":{"rendered":"<p>[vc_row full_width=&#8221;stretch_row_content_no_spaces&#8221;][vc_column][rev_slider_vc alias=&#8221;p-ufc&#8221;][vc_column_text el_class=&#8221;tartalom&#8221;]+ \u00daJPEST FC STADIUM[\/vc_column_text][\/vc_column][\/vc_row][vc_row][vc_column width=&#8221;1\/6&#8243;][\/vc_column][vc_column width=&#8221;2\/3&#8243; el_id=&#8221;tartalom&#8221;][vc_column_text el_class=&#8221;a-content-h1&#8243;]SZUSZA FERENC STADIUM (UFC) RENOVATION[\/vc_column_text][vc_row_inner el_class=&#8221;a-content-body&#8221;][vc_column_inner][vc_column_text] Location Budapest, Megyeri \u00fat Client \u00dajpest FC Floor area 12 000 m2 General design MCXVI Architects Leading architect designer G\u00e1bor Szokolyai Architect designers G\u00e1bor Hajdu, Csaba Bajusz Structural engineer L\u00e1szl\u00f3 Sz\u0151nyi Visualization Viktor Frety\u00e1n Project phase Preliminary design Project&hellip;<\/p>\n","protected":false},"author":1,"featured_media":2453,"comment_status":"open","ping_status":"closed","template":"","meta":{"_acf_changed":false,"footnotes":""},"portfolio_category":[17,39,55,59,61],"portfolio_tag":[],"acf":[],"_links":{"self":[{"href":"https:\/\/www.mcxvi.hu\/en\/wp-json\/wp\/v2\/portfolio\/1084"}],"collection":[{"href":"https:\/\/www.mcxvi.hu\/en\/wp-json\/wp\/v2\/portfolio"}],"about":[{"href":"https:\/\/www.mcxvi.hu\/en\/wp-json\/wp\/v2\/types\/portfolio"}],"author":[{"embeddable":true,"href":"https:\/\/www.mcxvi.hu\/en\/wp-json\/wp\/v2\/users\/1"}],"replies":[{"embeddable":true,"href":"https:\/\/www.mcxvi.hu\/en\/wp-json\/wp\/v2\/comments?post=1084"}],"version-history":[{"count":12,"href":"https:\/\/www.mcxvi.hu\/en\/wp-json\/wp\/v2\/portfolio\/1084\/revisions"}],"predecessor-version":[{"id":2977,"href":"https:\/\/www.mcxvi.hu\/en\/wp-json\/wp\/v2\/portfolio\/1084\/revisions\/2977"}],"wp:featuredmedia":[{"embeddable":true,"href":"https:\/\/www.mcxvi.hu\/en\/wp-json\/wp\/v2\/media\/2453"}],"wp:attachment":[{"href":"https:\/\/www.mcxvi.hu\/en\/wp-json\/wp\/v2\/media?parent=1084"}],"wp:term":[{"taxonomy":"portfolio_category","embeddable":true,"href":"https:\/\/www.mcxvi.hu\/en\/wp-json\/wp\/v2\/portfolio_category?post=1084"},{"taxonomy":"portfolio_tag","embeddable":true,"href":"https:\/\/www.mcxvi.hu\/en\/wp-json\/wp\/v2\/portfolio_tag?post=1084"}],"curies":[{"name":"wp","href":"https:\/\/api.w.org\/{rel}","templated":true}]}}

Újpest FC Stadium <br>Renovation

<div class="wpb-content-wrapper"><p>[vc_row full_width=&#8221;stretch_row_content_no_spaces&#8221;][vc_column][rev_slider_vc alias=&#8221;p-ufc&#8221;][vc_column_text el_class=&#8221;tartalom&#8221;]<a href="#tartalom">+ ÚJPEST FC STADIUM</a>[/vc_column_text][/vc_column][/vc_row][vc_row][vc_column width=&#8221;1/6&#8243;][/vc_column][vc_column width=&#8221;2/3&#8243; el_id=&#8221;tartalom&#8221;][vc_column_text el_class=&#8221;a-content-h1&#8243;]SZUSZA FERENC STADIUM (UFC) RENOVATION[/vc_column_text][vc_row_inner el_class=&#8221;a-content-body&#8221;][vc_column_inner][vc_column_text]</p>
<div class="lista2">
<table style="border-collapse: collapse; width: 100%;">
<tbody>
<tr style="height: 24px;">
<td style="width: 33.5271%;">Location</td>
<td style="width: 66.4729%;">Budapest, Megyeri út</td>
</tr>
<tr style="height: 24px;">
<td style="width: 33.5271%;">Client</td>
<td style="width: 66.4729%;">Újpest FC</td>
</tr>
<tr style="height: 24px;">
<td style="width: 33.5271%;">Floor area</td>
<td style="width: 66.4729%;">12 000 m<sup>2</sup></td>
</tr>
<tr style="height: 24px;">
<td style="width: 33.5271%;">General design</td>
<td style="width: 66.4729%;">MCXVI Architects</td>
</tr>
<tr style="height: 24px;">
<td style="width: 33.5271%;">Leading architect designer</td>
<td style="width: 66.4729%;">Gábor Szokolyai</td>
</tr>
<tr style="height: 24px;">
<td style="width: 33.5271%;">Architect designers</td>
<td style="width: 66.4729%;">Gábor Hajdu, Csaba Bajusz</td>
</tr>
<tr style="height: 24px;">
<td style="width: 33.5271%;">Structural engineer</td>
<td style="width: 66.4729%;">László Szőnyi</td>
</tr>
<tr>
<td style="width: 33.5271%;">Visualization</td>
<td style="width: 66.4729%;">Viktor Fretyán</td>
</tr>
<tr style="height: 24px;">
<td style="width: 33.5271%;">Project phase</td>
<td style="width: 66.4729%;">Preliminary design</td>
</tr>
<tr style="height: 24px;">
<td style="width: 33.5271%;">Project year</td>
<td style="width: 66.4729%;">2013</td>
</tr>
</tbody>
</table>
</div>
<p>[/vc_column_text][/vc_column_inner][/vc_row_inner][vc_column_text el_class=&#8221;a-content-body&#8221;]</p>
<p style="text-align: justify;">The intention of the client was to turn the existing football stadium into a multifunctional complex. In addition to modernizing the building, the main part of the project was to cover the arena, which would serve as a weather-independent event hall. Naturally we counted with the complete renewal of building services, electrical systems, façades and interior spaces. The reinforcement of the load-bearing structure was necessary due to the retractable roof.</p>
<p>[/vc_column_text][vc_column_text el_class=&#8221;a-content-body&#8221;]<a href="https://www.mcxvi.hu/#munkak">BACK TO PROJECTS</a>[/vc_column_text][/vc_column][vc_column width=&#8221;1/6&#8243;][/vc_column][/vc_row]</p>
</div>

<p>[vc_row full_width=&#8221;stretch_row_content_no_spaces&#8221;][vc_column][rev_slider_vc alias=&#8221;p-ufc&#8221;][vc_column_text el_class=&#8221;tartalom&#8221;]+ ÚJPEST FC STADIUM[/vc_column_text][/vc_column][/vc_row][vc_row][vc_column width=&#8221;1/6&#8243;][/vc_column][vc_column width=&#8221;2/3&#8243; el_id=&#8221;tartalom&#8221;][vc_column_text el_class=&#8221;a-content-h1&#8243;]SZUSZA FERENC STADIUM (UFC) RENOVATION[/vc_column_text][vc_row_inner el_class=&#8221;a-content-body&#8221;][vc_column_inner][vc_column_text] Location Budapest, Megyeri út Client Újpest FC Floor area 12 000 m2 General design MCXVI Architects Leading architect designer Gábor Szokolyai Architect designers Gábor Hajdu, Csaba Bajusz Structural engineer László Szőnyi Visualization Viktor Fretyán Project phase Preliminary design Project&hellip;</p>
