{"id":4901,"date":"2023-04-03T08:33:31","date_gmt":"2023-04-03T08:33:31","guid":{"rendered":"https:\/\/www.mcxvi.hu\/?post_type=portfolio&#038;p=4901"},"modified":"2024-08-08T10:45:32","modified_gmt":"2024-08-08T10:45:32","slug":"kormendyhaz_veszprem","status":"publish","type":"portfolio","link":"https:\/\/www.mcxvi.hu\/en\/portfolio\/kormendyhaz_veszprem\/","title":{"rendered":"K\u00f6rmendy House, Veszpr\u00e9m"},"content":{"rendered":"<div class=\"wpb-content-wrapper\"><p>[vc_row][vc_column][vc_column_text][\/vc_column_text][\/vc_column][\/vc_row][vc_row full_width=&#8221;stretch_row_content_no_spaces&#8221;][vc_column][rev_slider_vc alias=&#8221;p-kormendy-r1&#8243;][vc_column_text el_class=&#8221;tartalom&#8221;]+ K\u00d6RMENDY HOUSE, VESZPR\u00c9M[\/vc_column_text][\/vc_column][\/vc_row][vc_row][vc_column width=&#8221;1\/6&#8243;][\/vc_column][vc_column width=&#8221;2\/3&#8243; el_id=&#8221;tartalom&#8221;][vc_column_text el_class=&#8221;a-content-h1&#8243;]<\/p>\n<p class=\"Default\" style=\"margin-top: 12.0pt;\">K\u00d6RMENDY HOUSE RENOVATION AND REVITALIZATION<\/p>\n<p>[\/vc_column_text][vc_row_inner el_class=&#8221;a-content-body&#8221;][vc_column_inner][vc_column_text css=&#8221;&#8221;]<\/p>\n<div class=\"lista2\">\n<table style=\"border-collapse: collapse; width: 100%; height: 218px;\">\n<tbody>\n<tr style=\"height: 24px;\">\n<td style=\"width: 33.5271%; height: 24px;\">Location<\/td>\n<td style=\"width: 66.4729%; height: 24px;\">Veszpr\u00e9m, V\u00e1r utca 39.<\/td>\n<\/tr>\n<tr style=\"height: 24px;\">\n<td style=\"width: 33.5271%; height: 24px;\">Investor<\/td>\n<td style=\"width: 66.4729%; height: 24px;\">Castellum Vagyonkezel\u0151 Igazgat\u00f3s\u00e1g<\/td>\n<\/tr>\n<tr style=\"height: 24px;\">\n<td style=\"width: 33.5271%; height: 26px;\">Floor area<\/td>\n<td style=\"width: 66.4729%; height: 26px;\">1200 m<sup>2<\/sup><\/td>\n<\/tr>\n<tr style=\"height: 24px;\">\n<td style=\"width: 33.5271%; height: 24px;\">General designer<\/td>\n<td style=\"width: 66.4729%; height: 24px;\">MCXVI Architects<\/td>\n<\/tr>\n<tr style=\"height: 24px;\">\n<td style=\"width: 33.5271%; height: 24px;\">Leading architect designer<\/td>\n<td style=\"width: 66.4729%; height: 24px;\">L\u00e1szl\u00f3 Herczeg<\/td>\n<\/tr>\n<tr style=\"height: 24px;\">\n<td style=\"width: 33.5271%; height: 24px;\">Project architects<\/td>\n<td style=\"width: 66.4729%; height: 24px;\">Evelin Kiss-Serf\u0151z\u0151, Gergely Gal\u00e1ntai<\/td>\n<\/tr>\n<tr style=\"height: 24px;\">\n<td style=\"width: 33.5271%; height: 24px;\">Architect designers<\/td>\n<td style=\"width: 66.4729%; height: 24px;\">Janka K\u00e9rdy, Bercel D\u00f3zsa<\/td>\n<\/tr>\n<tr>\n<td style=\"width: 33.5271%;\">Photos<\/td>\n<td style=\"width: 66.4729%;\">Tam\u00e1s V\u00f6r\u00f6s DLA<\/td>\n<\/tr>\n<tr style=\"height: 24px;\">\n<td style=\"width: 33.5271%; height: 24px;\">Status<\/td>\n<td style=\"width: 66.4729%; height: 24px;\">Built<\/td>\n<\/tr>\n<tr style=\"height: 24px;\">\n<td style=\"width: 33.5271%; height: 24px;\">Project year<\/td>\n<td style=\"width: 66.4729%; height: 24px;\">2021-2023<\/td>\n<\/tr>\n<\/tbody>\n<\/table>\n<\/div>\n<p>[\/vc_column_text][vc_column_text el_class=&#8221;a-content-body&#8221;]The house built in the first decades of the 18th century, was built by the reading canon Imre K\u00f6rmendy for his own use, which later underwent several changes in its function. The Archdiocese of Veszpr\u00e9m aimed to revitalize the listed K\u00f6rmendy House, which was returned to its ownership, and to create new functions in it. The building, as one of the main elements of the V\u00e1ri ensemble, is of particular importance. During the renovation, it becomes open to the community by receiving a museum or catering function.<\/p>\n<p>On the basement level, there were several public spaces \u2013 visual stone storage, visitors\u2019 water blocks \u2013 and service spaces. On the ground floor, we placed the spaces of the catering unit \u2013 initially a caf\u00e9, later a restaurant \u2013 and, in addition, the museum pedagogic workshops, helping the museum function. Passing through the bottom of the gate, you can reach the courtyard, where you can enjoy the special view and the renovated garden in the outdoor dining areas. The exhibition spaces were located on the first floor. The service spaces necessary for the operation of the museum were moved to the attic level: offices, artefact warehouses, restoration workshops, and mechanical spaces.<\/p>\n<p>In terms of architectural design, the character of the existing building is decisive, the external appearance will not be significantly changed. Our aim is to restore interventions from the last century and present the former Baroque phase authentically. The contemporary element appearing on the courtyard facades, an opal glass illuminator, refers to the functional change that took place in the building.[\/vc_column_text][\/vc_column_inner][\/vc_row_inner][vc_column_text el_class=&#8221;a-content-body&#8221;]<a href=\"https:\/\/www.mcxvi.hu\/#munkak\">BACK TO PROJECTS<\/a>[\/vc_column_text][\/vc_column][vc_column width=&#8221;1\/6&#8243;][\/vc_column][\/vc_row][vc_row][vc_column][vc_column_text][\/vc_column_text][\/vc_column][\/vc_row][vc_row full_width=&#8221;stretch_row_content_no_spaces&#8221;][vc_column][\/vc_column][\/vc_row][vc_row][vc_column width=&#8221;1\/6&#8243;][\/vc_column][vc_column width=&#8221;2\/3&#8243; el_id=&#8221;tartalom&#8221;][vc_column_text el_class=&#8221;a-content-body&#8221;]<a href=\"https:\/\/www.mcxvi.hu\/#munkak\">BACK TO PROJECTS<\/a>[\/vc_column_text][\/vc_column][vc_column width=&#8221;1\/6&#8243;][\/vc_column][\/vc_row]<\/p>\n<\/div>","protected":false},"excerpt":{"rendered":"<p>[vc_row][vc_column][vc_column_text][\/vc_column_text][\/vc_column][\/vc_row][vc_row full_width=&#8221;stretch_row_content_no_spaces&#8221;][vc_column][rev_slider_vc alias=&#8221;p-kormendy-r1&#8243;][vc_column_text el_class=&#8221;tartalom&#8221;]+ K\u00d6RMENDY HOUSE, VESZPR\u00c9M[\/vc_column_text][\/vc_column][\/vc_row][vc_row][vc_column width=&#8221;1\/6&#8243;][\/vc_column][vc_column width=&#8221;2\/3&#8243; el_id=&#8221;tartalom&#8221;][vc_column_text el_class=&#8221;a-content-h1&#8243;] K\u00d6RMENDY HOUSE RENOVATION AND REVITALIZATION [\/vc_column_text][vc_row_inner el_class=&#8221;a-content-body&#8221;][vc_column_inner][vc_column_text css=&#8221;&#8221;] Location Veszpr\u00e9m, V\u00e1r utca 39. Investor Castellum Vagyonkezel\u0151 Igazgat\u00f3s\u00e1g Floor area 1200 m2 General designer MCXVI Architects Leading architect designer L\u00e1szl\u00f3 Herczeg Project architects Evelin Kiss-Serf\u0151z\u0151, Gergely Gal\u00e1ntai Architect designers Janka K\u00e9rdy, Bercel D\u00f3zsa Photos Tam\u00e1s&hellip;<\/p>\n","protected":false},"author":1,"featured_media":5144,"comment_status":"closed","ping_status":"closed","template":"","meta":{"_acf_changed":false,"footnotes":""},"portfolio_category":[17,39,55,63,61],"portfolio_tag":[],"acf":[],"_links":{"self":[{"href":"https:\/\/www.mcxvi.hu\/en\/wp-json\/wp\/v2\/portfolio\/4901"}],"collection":[{"href":"https:\/\/www.mcxvi.hu\/en\/wp-json\/wp\/v2\/portfolio"}],"about":[{"href":"https:\/\/www.mcxvi.hu\/en\/wp-json\/wp\/v2\/types\/portfolio"}],"author":[{"embeddable":true,"href":"https:\/\/www.mcxvi.hu\/en\/wp-json\/wp\/v2\/users\/1"}],"replies":[{"embeddable":true,"href":"https:\/\/www.mcxvi.hu\/en\/wp-json\/wp\/v2\/comments?post=4901"}],"version-history":[{"count":8,"href":"https:\/\/www.mcxvi.hu\/en\/wp-json\/wp\/v2\/portfolio\/4901\/revisions"}],"predecessor-version":[{"id":6653,"href":"https:\/\/www.mcxvi.hu\/en\/wp-json\/wp\/v2\/portfolio\/4901\/revisions\/6653"}],"wp:featuredmedia":[{"embeddable":true,"href":"https:\/\/www.mcxvi.hu\/en\/wp-json\/wp\/v2\/media\/5144"}],"wp:attachment":[{"href":"https:\/\/www.mcxvi.hu\/en\/wp-json\/wp\/v2\/media?parent=4901"}],"wp:term":[{"taxonomy":"portfolio_category","embeddable":true,"href":"https:\/\/www.mcxvi.hu\/en\/wp-json\/wp\/v2\/portfolio_category?post=4901"},{"taxonomy":"portfolio_tag","embeddable":true,"href":"https:\/\/www.mcxvi.hu\/en\/wp-json\/wp\/v2\/portfolio_tag?post=4901"}],"curies":[{"name":"wp","href":"https:\/\/api.w.org\/{rel}","templated":true}]}}

Körmendy House, Veszprém

<div class="wpb-content-wrapper"><p>[vc_row][vc_column][vc_column_text][/vc_column_text][/vc_column][/vc_row][vc_row full_width=&#8221;stretch_row_content_no_spaces&#8221;][vc_column][rev_slider_vc alias=&#8221;p-kormendy-r1&#8243;][vc_column_text el_class=&#8221;tartalom&#8221;]+ KÖRMENDY HOUSE, VESZPRÉM[/vc_column_text][/vc_column][/vc_row][vc_row][vc_column width=&#8221;1/6&#8243;][/vc_column][vc_column width=&#8221;2/3&#8243; el_id=&#8221;tartalom&#8221;][vc_column_text el_class=&#8221;a-content-h1&#8243;]</p>
<p class="Default" style="margin-top: 12.0pt;">KÖRMENDY HOUSE RENOVATION AND REVITALIZATION</p>
<p>[/vc_column_text][vc_row_inner el_class=&#8221;a-content-body&#8221;][vc_column_inner][vc_column_text css=&#8221;&#8221;]</p>
<div class="lista2">
<table style="border-collapse: collapse; width: 100%; height: 218px;">
<tbody>
<tr style="height: 24px;">
<td style="width: 33.5271%; height: 24px;">Location</td>
<td style="width: 66.4729%; height: 24px;">Veszprém, Vár utca 39.</td>
</tr>
<tr style="height: 24px;">
<td style="width: 33.5271%; height: 24px;">Investor</td>
<td style="width: 66.4729%; height: 24px;">Castellum Vagyonkezelő Igazgatóság</td>
</tr>
<tr style="height: 24px;">
<td style="width: 33.5271%; height: 26px;">Floor area</td>
<td style="width: 66.4729%; height: 26px;">1200 m<sup>2</sup></td>
</tr>
<tr style="height: 24px;">
<td style="width: 33.5271%; height: 24px;">General designer</td>
<td style="width: 66.4729%; height: 24px;">MCXVI Architects</td>
</tr>
<tr style="height: 24px;">
<td style="width: 33.5271%; height: 24px;">Leading architect designer</td>
<td style="width: 66.4729%; height: 24px;">László Herczeg</td>
</tr>
<tr style="height: 24px;">
<td style="width: 33.5271%; height: 24px;">Project architects</td>
<td style="width: 66.4729%; height: 24px;">Evelin Kiss-Serfőző, Gergely Galántai</td>
</tr>
<tr style="height: 24px;">
<td style="width: 33.5271%; height: 24px;">Architect designers</td>
<td style="width: 66.4729%; height: 24px;">Janka Kérdy, Bercel Dózsa</td>
</tr>
<tr>
<td style="width: 33.5271%;">Photos</td>
<td style="width: 66.4729%;">Tamás Vörös DLA</td>
</tr>
<tr style="height: 24px;">
<td style="width: 33.5271%; height: 24px;">Status</td>
<td style="width: 66.4729%; height: 24px;">Built</td>
</tr>
<tr style="height: 24px;">
<td style="width: 33.5271%; height: 24px;">Project year</td>
<td style="width: 66.4729%; height: 24px;">2021-2023</td>
</tr>
</tbody>
</table>
</div>
<p>[/vc_column_text][vc_column_text el_class=&#8221;a-content-body&#8221;]The house built in the first decades of the 18th century, was built by the reading canon Imre Körmendy for his own use, which later underwent several changes in its function. The Archdiocese of Veszprém aimed to revitalize the listed Körmendy House, which was returned to its ownership, and to create new functions in it. The building, as one of the main elements of the Vári ensemble, is of particular importance. During the renovation, it becomes open to the community by receiving a museum or catering function.</p>
<p>On the basement level, there were several public spaces – visual stone storage, visitors’ water blocks – and service spaces. On the ground floor, we placed the spaces of the catering unit – initially a café, later a restaurant – and, in addition, the museum pedagogic workshops, helping the museum function. Passing through the bottom of the gate, you can reach the courtyard, where you can enjoy the special view and the renovated garden in the outdoor dining areas. The exhibition spaces were located on the first floor. The service spaces necessary for the operation of the museum were moved to the attic level: offices, artefact warehouses, restoration workshops, and mechanical spaces.</p>
<p>In terms of architectural design, the character of the existing building is decisive, the external appearance will not be significantly changed. Our aim is to restore interventions from the last century and present the former Baroque phase authentically. The contemporary element appearing on the courtyard facades, an opal glass illuminator, refers to the functional change that took place in the building.[/vc_column_text][/vc_column_inner][/vc_row_inner][vc_column_text el_class=&#8221;a-content-body&#8221;]<a href="https://www.mcxvi.hu/#munkak">BACK TO PROJECTS</a>[/vc_column_text][/vc_column][vc_column width=&#8221;1/6&#8243;][/vc_column][/vc_row][vc_row][vc_column][vc_column_text][/vc_column_text][/vc_column][/vc_row][vc_row full_width=&#8221;stretch_row_content_no_spaces&#8221;][vc_column][/vc_column][/vc_row][vc_row][vc_column width=&#8221;1/6&#8243;][/vc_column][vc_column width=&#8221;2/3&#8243; el_id=&#8221;tartalom&#8221;][vc_column_text el_class=&#8221;a-content-body&#8221;]<a href="https://www.mcxvi.hu/#munkak">BACK TO PROJECTS</a>[/vc_column_text][/vc_column][vc_column width=&#8221;1/6&#8243;][/vc_column][/vc_row]</p>
</div>

<p>[vc_row][vc_column][vc_column_text][/vc_column_text][/vc_column][/vc_row][vc_row full_width=&#8221;stretch_row_content_no_spaces&#8221;][vc_column][rev_slider_vc alias=&#8221;p-kormendy-r1&#8243;][vc_column_text el_class=&#8221;tartalom&#8221;]+ KÖRMENDY HOUSE, VESZPRÉM[/vc_column_text][/vc_column][/vc_row][vc_row][vc_column width=&#8221;1/6&#8243;][/vc_column][vc_column width=&#8221;2/3&#8243; el_id=&#8221;tartalom&#8221;][vc_column_text el_class=&#8221;a-content-h1&#8243;] KÖRMENDY HOUSE RENOVATION AND REVITALIZATION [/vc_column_text][vc_row_inner el_class=&#8221;a-content-body&#8221;][vc_column_inner][vc_column_text css=&#8221;&#8221;] Location Veszprém, Vár utca 39. Investor Castellum Vagyonkezelő Igazgatóság Floor area 1200 m2 General designer MCXVI Architects Leading architect designer László Herczeg Project architects Evelin Kiss-Serfőző, Gergely Galántai Architect designers Janka Kérdy, Bercel Dózsa Photos Tamás&hellip;</p>
